ions digit of 14408856?
1
What is the hundred millions digit of 988599763?
9
What is the ten thousands digit of 2701339023?
3
What is the hundred millions digit of 717765106?
7
What is the hundred millions digit of 301858082?
3
What is the millions digit of 405713888?
5
What is the ten millions digit of 62037599?
6
What is the tens digit of 115575917?
1
What is the hundreds digit of 30914791?
7
What is the thousands digit of 1015592972?
2
What is the hundreds digit of 33446926?
9
What is the millions digit of 5103091725?
3
What is the millions digit of 27824161?
7
What is the ten thousands digit of 43818806?
1
What is the ten thousands digit of 432900498?
0
What is the billions digit of 1326585068?
1
What is the ten thousands digit of 796934620?
3
What is the millions digit of 12130734?
2
What is the millions digit of 134171125?
4
What is the ten millions digit of 221033125?
2
What is the tens digit of 165559118?
1
What is the millions digit of 93573387?
3
What is the ten thousands digit of 332295488?
9
What is the ten millions digit of 1154674626?
5
What is the thousands digit of 157957274?
7
What is the ten millions digit of 166366205?
6
What is the hundred thousands digit of 120879370?
8
What is the hundred millions digit of 416865116?
4
What is the ten millions digit of 97319618?
9
What is the ten thousands digit of 894926991?
2
What is the units digit of 1365903525?
5
What is the thousands digit of 5867590360?
0
What is the ten thousands digit of 35230638?
3
What is the thousands digit of 65653502?
3
What is the hundred thousands digit of 73256873?
2
What is the hundreds digit of 225322029?
0
What is the tens digit of 224538558?
5
What is the tens digit of 111974123?
2
What is the hundred thousands digit of 69851892?
8
What is the hundred millions digit of 453274831?
4
What is the hundreds digit of 80258100?
1
What is the ten millions digit of 15128765?
1
What is the ten millions digit of 127590936?
2
What is the tens digit of 122888444?
4
What is the thousands digit of 758549904?
9
What is the hundred thousands digit of 30586331?
5
What is the units digit of 3471659?
9
What is the hundred thousands digit of 48695089?
6
What is the ten thousands digit of 1418319306?
1
What is the tens digit of 60985098?
9
What is the thousands digit of 622594245?
4
What is the thousands digit of 5110079607?
9
What is the millions digit of 25349225?
5
What is the hundred millions digit of 1746111466?
7
What is the hundred millions digit of 155144122?
1
What is the ten millions digit of 178631957?
7
What is the thousands digit of 54802505?
2
What is the millions digit of 2562861084?
2
What is the units digit of 321645499?
9
What is the hundred millions digit of 277709755?
2
What is the tens digit of 939937933?
3
What is the millions digit of 894275092?
4
What is the units digit of 459806559?
9
What is the units digit of 72585849?
9
What is the thousands digit of 451007675?
7
What is the units digit of 117987846?
6
What is the tens digit of 71945381?
8
What is the ten thousands digit of 995115296?
1
What is the hundred thousands digit of 153885044?
8
What is the tens digit of 7384122?
2
What is the hundred millions digit of 958237866?
9
What is the billions digit of 4292824596?
4
What is the ten millions digit of 603686908?
0
What is the thousands digit of 782467265?
7
What is the hundred thousands digit of 2432287066?
2
What is the millions digit of 4055416261?
5
What is the millions digit of 492654543?
2
What is the thousands digit of 1683681713?
1
What is the units digit of 392969501?
1
What is the thousands digit of 901791828?
1
What is the hundred thousands digit of 78446776?
4
What is the ten thousands digit of 3392744228?
4
What is the hundreds digit of 380823825?
8
What is the ten millions digit of 118503822?
1
What is the hundred millions digit of 492376671?
4
What is the ten thousands digit of 232007264?
0
What is the hundred thousands digit of 218093211?
0
What is the hundreds digit of 12346926?
9
What is the tens digit of 1851432676?
7
What is the hundred thousands digit of 1459923504?
9
What is the units digit of 123693740?
0
What is the ten thousands digit of 91391786?
9
What is the hundreds digit of 482600894?
8
What is the ten thousands digit of 61121807?
2
What is the millions digit of 502225852?
2
What is the hundreds digit of 320906237?
2
What is the tens digit of 1626602962?
6
What is the ten thousands digit of 55053221?
5
What is the ten thousands digit of 66202803?
0
What is the thousands digit of 1672981247?
1
What is the tens digit of 18621965?
6
What is the thousands digit of 12530254?
0
What is the tens digit of 185293838?
3
What is the hundreds digit of 144042934?
9
What is the units digit of 40009694?
4
What is the hundred thousands digit of 104413220?
4
What is the thousands digit of 10845015?
5
What is the tens digit of 4154989119?
1
What is the hundred thousands digit of 219889226?
8
What is the ten millions digit of 321282382?
2
What is the ten millions digit of 1772857447?
7
What is the hundred millions digit of 158760133?
1
What is the ten thousands digit of 87698487?
9
What is the ten thousands digit of 147473888?
7
What is the millions digit of 99482246?
9
What is the thousands digit of 609988859?
8
What is the ten millions digit of 287489882?
8
What is the hundred thousands digit of 13440159?
4
What is the millions digit of 206034687?
6
What is the units digit of 2372881470?
0
What is the units digit of 90998956?
6
What is the units digit of 2821065201?
1
What is the ten millions digit of 53487910?
5
What is the ten millions digit of 1617389943?
1
What is the ten thousands digit of 1062311624?
1
What is the tens digit of 290907868?
6
What is the tens digit of 125798764?
6
What is the units digit of 1974236303?
3
What is the millions digit of 66487176?
6
What is the tens digit of 3930450675?
7
What is the millions digit of 64939121?
4
What is the tens digit of 147417060?
6
What is the ten thousands digit of 587165724?
6
What is the millions digit of 57923877?
7
What is the tens digit of 33037274?
7
What is the thousands digit of 282805352?
5
What is the tens digit of 379741107?
0
What is the ten thousands digit of 306457015?
5
What is the hundred thousands digit of 51553086?
5
What is the hundreds digit of 14582663?
6
What is the ten millions digit of 115353822?
1
What is the millions digit of 46867726?
6
What is the tens digit of 2054106670?
7
What is the hundreds digit of 45004739?
7
What is the ten thousands digit of 11791638?
9
What is the tens digit of 142854588?
8
What is the hundred millions digit of 164892473?
1
What is the thousands digit of 136601198?
1
What is the units digit of 141142535?
5
What is the hundreds digit of 6104626?
6
What is the hundred millions digit of 229502728?
2
What is the ten thousands digit of 59226545?
2
What is the hundred millions digit of 2141517328?
1
What is the tens digit of 40154158?
5
What is the hundreds digit of 76853435?
4
What is the hundred thousands digit of 284294421?
2
What is the thousands digit of 32748797?
8
What is the millions digit of 2896106745?
6
What is the ten thousands digit of 530248876?
4
What is the billions digit of 1575630380?
1
What is the units digit of 262010848?
8
What is the hundreds digit of 151087915?
9
What is the thousands digit of 32834825?
4
What is the thousands digit of 54781586?
1
What is the tens digit of 43254753?
5
What is the tens digit of 48403649?
4
What is the ten thousands digit of 1147057740?
5
What is the hundreds digit of 27990881?
8
What is the ten thousands digit of 2524923232?
2
What is the units digit of 1992545781?
1
What is the tens digit of 104205279?
7
What is the hundreds digit of 38739933?
9
What is the units digit of 223078736?
6
What is the hundred millions digit of 1307559810?
3
What is the tens digit of 9828796?
9
What is the ten millions digit of 344149436?
4
What is the ten millions digit of 20175361?
2
What is the thousands digit of 26104032?
4
What is the hundred millions digit of 702463635?
7
What is the hundreds digit of 1815911875?
8
What is the hundreds digit of 50323040?
0
What is the units digit of 3656502998?
8
What is the tens digit of 309968544?
4
What is the millions digit of 239641077?
9
What is the